{"id":2395,"date":"2020-09-26T18:14:01","date_gmt":"2020-09-26T18:14:01","guid":{"rendered":"http:\/\/www.butikmedikal.com\/?page_id=2395"},"modified":"2025-04-04T11:58:02","modified_gmt":"2025-04-04T11:58:02","slug":"iletisim","status":"publish","type":"page","link":"http:\/\/www.butikmedikal.com\/index.php\/iletisim\/","title":{"rendered":"\u0130leti\u015fim"},"content":{"rendered":"\n<div class=\"wp-block-columns\">\n<div class=\"wp-block-column\">\n<div class=\"wp-block-image\"><figure class=\"alignleft size-large is-resized\"><img loading=\"lazy\" src=\"http:\/\/www.butikmedikal.com\/wp-content\/uploads\/2020\/09\/yer-imi-png-2-2.png\" alt=\"\" class=\"wp-image-2663\" width=\"30\" height=\"30\" srcset=\"http:\/\/www.butikmedikal.com\/wp-content\/uploads\/2020\/09\/yer-imi-png-2-2.png 768w, http:\/\/www.butikmedikal.com\/wp-content\/uploads\/2020\/09\/yer-imi-png-2-2-600x600.png 600w, http:\/\/www.butikmedikal.com\/wp-content\/uploads\/2020\/09\/yer-imi-png-2-2-300x300.png 300w\" sizes=\"(max-width: 30px) 100vw, 30px\" \/><\/figure><\/div>\n\n\n\n<p>Ferhat Pa\u015faMahallesi Ayta\u015f\u0131 Soka\u011f\u0131 No:74, 34888 Ata\u015fehir\/\u0130stanbul <\/p>\n<\/div>\n<\/div>\n\n\n\n<div class=\"wp-block-columns\">\n<div class=\"wp-block-column\">\n<div class=\"wp-block-image\"><figure class=\"alignleft size-large is-resized\"><img loading=\"lazy\" src=\"http:\/\/www.butikmedikal.com\/wp-content\/uploads\/2020\/09\/9-2-phone-png-images.png\" alt=\"\" class=\"wp-image-2676\" width=\"32\" height=\"32\"\/><\/figure><\/div>\n\n\n\n<p>0216 471 2613<\/p>\n<\/div>\n\n\n\n<div class=\"wp-block-column\">\n<p class=\"has-text-align-left\"><\/p>\n<\/div>\n<\/div>\n\n\n\n<iframe loading=\"lazy\" src=\"https:\/\/www.google.com\/maps\/d\/u\/0\/embed?mid=1lLZbyjMtj5BRQ5moABG9u62ayKSuUJTx\" width=\"640\" height=\"480\"><\/iframe>\n\n\n\n<p><\/p>\n","protected":false},"excerpt":{"rendered":"<p>Ferhat Pa\u015faMahallesi Ayta\u015f\u0131 Soka\u011f\u0131 No:74, 34888 Ata\u015fehir\/\u0130stanbul 0216 471 2613<\/p>\n","protected":false},"author":1,"featured_media":0,"parent":0,"menu_order":0,"comment_status":"closed","ping_status":"closed","template":"page-templates\/template-estore-home.php","meta":[],"_links":{"self":[{"href":"http:\/\/www.butikmedikal.com\/index.php\/wp-json\/wp\/v2\/pages\/2395"}],"collection":[{"href":"http:\/\/www.butikmedikal.com\/index.php\/wp-json\/wp\/v2\/pages"}],"about":[{"href":"http:\/\/www.butikmedikal.com\/index.php\/wp-json\/wp\/v2\/types\/page"}],"author":[{"embeddable":true,"href":"http:\/\/www.butikmedikal.com\/index.php\/wp-json\/wp\/v2\/users\/1"}],"replies":[{"embeddable":true,"href":"http:\/\/www.butikmedikal.com\/index.php\/wp-json\/wp\/v2\/comments?post=2395"}],"version-history":[{"count":43,"href":"http:\/\/www.butikmedikal.com\/index.php\/wp-json\/wp\/v2\/pages\/2395\/revisions"}],"predecessor-version":[{"id":2720,"href":"http:\/\/www.butikmedikal.com\/index.php\/wp-json\/wp\/v2\/pages\/2395\/revisions\/2720"}],"wp:attachment":[{"href":"http:\/\/www.butikmedikal.com\/index.php\/wp-json\/wp\/v2\/media?parent=2395"}],"curies":[{"name":"wp","href":"https:\/\/api.w.org\/{rel}","templated":true}]}}