{"id":2212,"date":"2020-09-24T10:17:31","date_gmt":"2020-09-24T10:17:31","guid":{"rendered":"http:\/\/www.butikmedikal.com\/?page_id=2212"},"modified":"2020-09-24T10:20:08","modified_gmt":"2020-09-24T10:20:08","slug":"volk-digital-yuksek-mag","status":"publish","type":"page","link":"http:\/\/www.butikmedikal.com\/index.php\/volk-digital-yuksek-mag\/","title":{"rendered":"Volk-Di\u011fital Y\u00fcksek Mag"},"content":{"rendered":"\n<div class=\"wp-block-columns\">\n<div class=\"wp-block-column\">\n<div class=\"wp-block-image\"><figure class=\"aligncenter size-large is-resized\"><img loading=\"lazy\" src=\"http:\/\/www.butikmedikal.com\/wp-content\/uploads\/2020\/09\/mag-1.jpg\" alt=\"\" class=\"wp-image-2215\" width=\"310\" height=\"305\" srcset=\"http:\/\/www.butikmedikal.com\/wp-content\/uploads\/2020\/09\/mag-1.jpg 416w, http:\/\/www.butikmedikal.com\/wp-content\/uploads\/2020\/09\/mag-1-300x296.jpg 300w\" sizes=\"(max-width: 310px) 100vw, 310px\" \/><\/figure><\/div>\n<\/div>\n\n\n\n<div class=\"wp-block-column\">\n<p><strong>Birincil Ba\u015fvuru:<\/strong><\/p>\n\n\n\n<p>Dijital Y\u00fcksek Mag, merkezi retina, optik sinir ve makula i\u00e7in en y\u00fcksek \u00e7\u00f6z\u00fcn\u00fcrl\u00fck ve en y\u00fcksek b\u00fcy\u00fctme yar\u0131k lamba g\u00f6r\u00fcnt\u00fcleme sa\u011flar. Patentli \u00e7ift asferik cam, d\u00fc\u015f\u00fck da\u011f\u0131l\u0131m ve daha fazlas\u0131.<\/p>\n\n\n\n<p><strong>\u00d6zellikler ve Avantajlar:<\/strong><\/p>\n\n\n\n<ul><li>Patentli \u00e7ift asferik cam optik, geli\u015fmi\u015f g\u00f6r\u00fcnt\u00fcleme sa\u011flar.<\/li><li>D\u00fc\u015f\u00fck dispersiyonlu cam, son derece y\u00fcksek \u00e7\u00f6z\u00fcn\u00fcrl\u00fckl\u00fc retinal g\u00f6r\u00fcnt\u00fcleme i\u00e7in renk sapmas\u0131n\u0131 azalt\u0131r.<\/li><li>Y\u00fcksek b\u00fcy\u00fctme, sinir lifi tabakas\u0131n\u0131n topografik g\u00f6r\u00fcn\u00fcmlerini sa\u011flar.<\/li><li>Ola\u011fan\u00fcst\u00fc stereopsis, optik disk \u015fi\u015fmesi, cupping ve mak\u00fcler ser\u00f6z s\u0131v\u0131n\u0131n tespitine olanak sa\u011flar.<\/li><li>E\u015fsiz cam y\u00fczey e\u011frileri ve kaplama, bozulmay\u0131 ve yans\u0131malar\u0131 en aza indirir.<\/li><\/ul>\n<\/div>\n<\/div>\n","protected":false},"excerpt":{"rendered":"<p>Birincil Ba\u015fvuru: Dijital Y\u00fcksek Mag, merkezi retina, optik sinir ve makula i\u00e7in en y\u00fcksek \u00e7\u00f6z\u00fcn\u00fcrl\u00fck ve en y\u00fcksek b\u00fcy\u00fctme yar\u0131k lamba g\u00f6r\u00fcnt\u00fcleme sa\u011flar. Patentli \u00e7ift asferik cam, d\u00fc\u015f\u00fck da\u011f\u0131l\u0131m ve daha fazlas\u0131. \u00d6zellikler ve Avantajlar: Patentli \u00e7ift asferik cam optik, geli\u015fmi\u015f g\u00f6r\u00fcnt\u00fcleme sa\u011flar. D\u00fc\u015f\u00fck dispersiyonlu cam, son derece y\u00fcksek \u00e7\u00f6z\u00fcn\u00fcrl\u00fckl\u00fc retinal g\u00f6r\u00fcnt\u00fcleme i\u00e7in renk sapmas\u0131n\u0131 [&hellip;]<\/p>\n","protected":false},"author":1,"featured_media":0,"parent":0,"menu_order":0,"comment_status":"closed","ping_status":"closed","template":"","meta":[],"_links":{"self":[{"href":"http:\/\/www.butikmedikal.com\/index.php\/wp-json\/wp\/v2\/pages\/2212"}],"collection":[{"href":"http:\/\/www.butikmedikal.com\/index.php\/wp-json\/wp\/v2\/pages"}],"about":[{"href":"http:\/\/www.butikmedikal.com\/index.php\/wp-json\/wp\/v2\/types\/page"}],"author":[{"embeddable":true,"href":"http:\/\/www.butikmedikal.com\/index.php\/wp-json\/wp\/v2\/users\/1"}],"replies":[{"embeddable":true,"href":"http:\/\/www.butikmedikal.com\/index.php\/wp-json\/wp\/v2\/comments?post=2212"}],"version-history":[{"count":3,"href":"http:\/\/www.butikmedikal.com\/index.php\/wp-json\/wp\/v2\/pages\/2212\/revisions"}],"predecessor-version":[{"id":2217,"href":"http:\/\/www.butikmedikal.com\/index.php\/wp-json\/wp\/v2\/pages\/2212\/revisions\/2217"}],"wp:attachment":[{"href":"http:\/\/www.butikmedikal.com\/index.php\/wp-json\/wp\/v2\/media?parent=2212"}],"curies":[{"name":"wp","href":"https:\/\/api.w.org\/{rel}","templated":true}]}}